{"id":13,"date":"2025-08-27T13:55:42","date_gmt":"2025-08-27T16:55:42","guid":{"rendered":"http:\/\/atkeletroacustica.com\/?page_id=13"},"modified":"2025-08-27T17:16:40","modified_gmt":"2025-08-27T20:16:40","slug":"alto-falantes-2","status":"publish","type":"page","link":"https:\/\/atkeletroacustica.com\/?page_id=13","title":{"rendered":"Alto-falantes"},"content":{"rendered":"\n<figure class=\"wp-block-image aligncenter size-large is-style-rounded is-style-rounded--1\"><img loading=\"lazy\" decoding=\"async\" width=\"1024\" height=\"427\" src=\"https:\/\/atkeletroacustica.com\/wp-content\/uploads\/2025\/08\/BANNER-ATK-SPEAKERS-1024x427.jpg\" alt=\"\" class=\"wp-image-271\" srcset=\"https:\/\/atkeletroacustica.com\/wp-content\/uploads\/2025\/08\/BANNER-ATK-SPEAKERS-1024x427.jpg 1024w, https:\/\/atkeletroacustica.com\/wp-content\/uploads\/2025\/08\/BANNER-ATK-SPEAKERS-300x125.jpg 300w, https:\/\/atkeletroacustica.com\/wp-content\/uploads\/2025\/08\/BANNER-ATK-SPEAKERS-768x320.jpg 768w, https:\/\/atkeletroacustica.com\/wp-content\/uploads\/2025\/08\/BANNER-ATK-SPEAKERS-1536x640.jpg 1536w, https:\/\/atkeletroacustica.com\/wp-content\/uploads\/2025\/08\/BANNER-ATK-SPEAKERS.jpg 1920w\" sizes=\"auto, (max-width: 1024px) 100vw, 1024px\" \/><\/figure>\n\n\n\n<div style=\"height:57px\" aria-hidden=\"true\" class=\"wp-block-spacer\"><\/div>\n\n\n\n<p>Alto-falantes 6&#8243;<\/p>\n\n\n\n<figure class=\"wp-block-gallery has-nested-images columns-default is-cropped wp-block-gallery-2 is-layout-flex wp-block-gallery-is-layout-flex\">\n<figure class=\"wp-block-image size-full\"><a href=\"https:\/\/atkeletroacustica.com\/?page_id=279\"><img loading=\"lazy\" decoding=\"async\" width=\"500\" height=\"500\" data-id=\"272\" src=\"https:\/\/atkeletroacustica.com\/wp-content\/uploads\/2025\/08\/WF150-500B.jpg\" alt=\"\" class=\"wp-image-272\" srcset=\"https:\/\/atkeletroacustica.com\/wp-content\/uploads\/2025\/08\/WF150-500B.jpg 500w, https:\/\/atkeletroacustica.com\/wp-content\/uploads\/2025\/08\/WF150-500B-300x300.jpg 300w, https:\/\/atkeletroacustica.com\/wp-content\/uploads\/2025\/08\/WF150-500B-150x150.jpg 150w\" sizes=\"auto, (max-width: 500px) 100vw, 500px\" \/><\/a><figcaption class=\"wp-element-caption\"><a href=\"https:\/\/atkeletroacustica.com\/?page_id=279\" data-type=\"page\" data-id=\"279\"><strong>WF150-500B<\/strong><\/a><\/figcaption><\/figure>\n\n\n\n<figure class=\"wp-block-image size-full\"><img loading=\"lazy\" decoding=\"async\" width=\"500\" height=\"500\" data-id=\"44\" src=\"http:\/\/atkeletroacustica.com\/wp-content\/uploads\/2025\/08\/BRANCO.jpg\" alt=\"\" class=\"wp-image-44\" srcset=\"https:\/\/atkeletroacustica.com\/wp-content\/uploads\/2025\/08\/BRANCO.jpg 500w, https:\/\/atkeletroacustica.com\/wp-content\/uploads\/2025\/08\/BRANCO-300x300.jpg 300w, https:\/\/atkeletroacustica.com\/wp-content\/uploads\/2025\/08\/BRANCO-150x150.jpg 150w\" sizes=\"auto, (max-width: 500px) 100vw, 500px\" \/><\/figure>\n<\/figure>\n\n\n\n<p>Alto-falantes 8&#8243;<\/p>\n\n\n\n<figure class=\"wp-block-gallery has-nested-images columns-default is-cropped wp-block-gallery-3 is-layout-flex wp-block-gallery-is-layout-flex\">\n<figure class=\"wp-block-image size-full\"><a href=\"https:\/\/atkeletroacustica.com\/?page_id=285\"><img loading=\"lazy\" decoding=\"async\" width=\"500\" height=\"500\" data-id=\"286\" src=\"http:\/\/atkeletroacustica.com\/wp-content\/uploads\/2025\/08\/WF200-800B.jpg\" alt=\"\" class=\"wp-image-286\" srcset=\"https:\/\/atkeletroacustica.com\/wp-content\/uploads\/2025\/08\/WF200-800B.jpg 500w, https:\/\/atkeletroacustica.com\/wp-content\/uploads\/2025\/08\/WF200-800B-300x300.jpg 300w, https:\/\/atkeletroacustica.com\/wp-content\/uploads\/2025\/08\/WF200-800B-150x150.jpg 150w\" sizes=\"auto, (max-width: 500px) 100vw, 500px\" \/><\/a><figcaption class=\"wp-element-caption\"><a href=\"https:\/\/atkeletroacustica.com\/?page_id=285\" data-type=\"page\" data-id=\"285\"><strong>WF200-800B<\/strong><\/a><\/figcaption><\/figure>\n\n\n\n<figure class=\"wp-block-image size-full\"><img loading=\"lazy\" decoding=\"async\" width=\"500\" height=\"500\" data-id=\"44\" src=\"http:\/\/atkeletroacustica.com\/wp-content\/uploads\/2025\/08\/BRANCO.jpg\" alt=\"\" class=\"wp-image-44\" srcset=\"https:\/\/atkeletroacustica.com\/wp-content\/uploads\/2025\/08\/BRANCO.jpg 500w, https:\/\/atkeletroacustica.com\/wp-content\/uploads\/2025\/08\/BRANCO-300x300.jpg 300w, https:\/\/atkeletroacustica.com\/wp-content\/uploads\/2025\/08\/BRANCO-150x150.jpg 150w\" sizes=\"auto, (max-width: 500px) 100vw, 500px\" \/><\/figure>\n<\/figure>\n\n\n\n<div class=\"wp-block-group is-vertical is-layout-flex wp-container-core-group-is-layout-fe9cc265 wp-block-group-is-layout-flex\">\n<p>Alto-falantes 12&#8243;<\/p>\n\n\n\n<figure class=\"wp-block-gallery has-nested-images columns-default is-cropped wp-block-gallery-4 is-layout-flex wp-block-gallery-is-layout-flex\">\n<figure class=\"wp-block-image size-full\"><a href=\"https:\/\/atkeletroacustica.com\/?page_id=292\"><img loading=\"lazy\" decoding=\"async\" width=\"500\" height=\"500\" data-id=\"293\" src=\"http:\/\/atkeletroacustica.com\/wp-content\/uploads\/2025\/08\/WF300-500B.jpg\" alt=\"\" class=\"wp-image-293\" srcset=\"https:\/\/atkeletroacustica.com\/wp-content\/uploads\/2025\/08\/WF300-500B.jpg 500w, https:\/\/atkeletroacustica.com\/wp-content\/uploads\/2025\/08\/WF300-500B-300x300.jpg 300w, https:\/\/atkeletroacustica.com\/wp-content\/uploads\/2025\/08\/WF300-500B-150x150.jpg 150w\" sizes=\"auto, (max-width: 500px) 100vw, 500px\" \/><\/a><figcaption class=\"wp-element-caption\"><a href=\"https:\/\/atkeletroacustica.com\/?page_id=292\" data-type=\"page\" data-id=\"292\"><strong>WF300-500B-4<\/strong><\/a><\/figcaption><\/figure>\n\n\n\n<figure class=\"wp-block-image size-full\"><a href=\"https:\/\/atkeletroacustica.com\/?page_id=299\"><img loading=\"lazy\" decoding=\"async\" width=\"500\" height=\"500\" data-id=\"293\" src=\"http:\/\/atkeletroacustica.com\/wp-content\/uploads\/2025\/08\/WF300-500B.jpg\" alt=\"\" class=\"wp-image-293\" srcset=\"https:\/\/atkeletroacustica.com\/wp-content\/uploads\/2025\/08\/WF300-500B.jpg 500w, https:\/\/atkeletroacustica.com\/wp-content\/uploads\/2025\/08\/WF300-500B-300x300.jpg 300w, https:\/\/atkeletroacustica.com\/wp-content\/uploads\/2025\/08\/WF300-500B-150x150.jpg 150w\" sizes=\"auto, (max-width: 500px) 100vw, 500px\" \/><\/a><figcaption class=\"wp-element-caption\"><a href=\"https:\/\/atkeletroacustica.com\/?page_id=299\" data-type=\"page\" data-id=\"299\"><strong>WF300-500B-8<\/strong><\/a><\/figcaption><\/figure>\n<\/figure>\n\n\n\n<figure class=\"wp-block-gallery has-nested-images columns-2 is-cropped wp-block-gallery-5 is-layout-flex wp-block-gallery-is-layout-flex\">\n<figure class=\"wp-block-image size-full\"><a href=\"https:\/\/atkeletroacustica.com\/?page_id=303\"><img loading=\"lazy\" decoding=\"async\" width=\"500\" height=\"500\" data-id=\"305\" src=\"http:\/\/atkeletroacustica.com\/wp-content\/uploads\/2025\/08\/WF300-1200B.jpg\" alt=\"\" class=\"wp-image-305\" srcset=\"https:\/\/atkeletroacustica.com\/wp-content\/uploads\/2025\/08\/WF300-1200B.jpg 500w, https:\/\/atkeletroacustica.com\/wp-content\/uploads\/2025\/08\/WF300-1200B-300x300.jpg 300w, https:\/\/atkeletroacustica.com\/wp-content\/uploads\/2025\/08\/WF300-1200B-150x150.jpg 150w\" sizes=\"auto, (max-width: 500px) 100vw, 500px\" \/><\/a><figcaption class=\"wp-element-caption\"><a href=\"https:\/\/atkeletroacustica.com\/?page_id=303\" data-type=\"page\" data-id=\"303\"><strong>WF300-1200B-4<\/strong><\/a><\/figcaption><\/figure>\n\n\n\n<figure class=\"wp-block-image size-full\"><a href=\"https:\/\/atkeletroacustica.com\/?page_id=309\"><img loading=\"lazy\" decoding=\"async\" width=\"500\" height=\"500\" data-id=\"305\" src=\"http:\/\/atkeletroacustica.com\/wp-content\/uploads\/2025\/08\/WF300-1200B.jpg\" alt=\"\" class=\"wp-image-305\" srcset=\"https:\/\/atkeletroacustica.com\/wp-content\/uploads\/2025\/08\/WF300-1200B.jpg 500w, https:\/\/atkeletroacustica.com\/wp-content\/uploads\/2025\/08\/WF300-1200B-300x300.jpg 300w, https:\/\/atkeletroacustica.com\/wp-content\/uploads\/2025\/08\/WF300-1200B-150x150.jpg 150w\" sizes=\"auto, (max-width: 500px) 100vw, 500px\" \/><\/a><figcaption class=\"wp-element-caption\"><a href=\"https:\/\/atkeletroacustica.com\/?page_id=309\" data-type=\"page\" data-id=\"309\"><strong>WF300-1200B-8<\/strong><\/a><\/figcaption><\/figure>\n\n\n\n<figure class=\"wp-block-image size-full\"><a href=\"https:\/\/atkeletroacustica.com\/?page_id=317\"><img loading=\"lazy\" decoding=\"async\" width=\"500\" height=\"500\" data-id=\"318\" src=\"http:\/\/atkeletroacustica.com\/wp-content\/uploads\/2025\/08\/WF300-2000B.jpg\" alt=\"\" class=\"wp-image-318\" srcset=\"https:\/\/atkeletroacustica.com\/wp-content\/uploads\/2025\/08\/WF300-2000B.jpg 500w, https:\/\/atkeletroacustica.com\/wp-content\/uploads\/2025\/08\/WF300-2000B-300x300.jpg 300w, https:\/\/atkeletroacustica.com\/wp-content\/uploads\/2025\/08\/WF300-2000B-150x150.jpg 150w\" sizes=\"auto, (max-width: 500px) 100vw, 500px\" \/><\/a><figcaption class=\"wp-element-caption\"><a href=\"https:\/\/atkeletroacustica.com\/?page_id=317\" data-type=\"page\" data-id=\"317\"><strong>WF300-2000B-4<\/strong><\/a><\/figcaption><\/figure>\n\n\n\n<figure class=\"wp-block-image size-full\"><img loading=\"lazy\" decoding=\"async\" width=\"500\" height=\"500\" data-id=\"44\" src=\"http:\/\/atkeletroacustica.com\/wp-content\/uploads\/2025\/08\/BRANCO.jpg\" alt=\"\" class=\"wp-image-44\" srcset=\"https:\/\/atkeletroacustica.com\/wp-content\/uploads\/2025\/08\/BRANCO.jpg 500w, https:\/\/atkeletroacustica.com\/wp-content\/uploads\/2025\/08\/BRANCO-300x300.jpg 300w, https:\/\/atkeletroacustica.com\/wp-content\/uploads\/2025\/08\/BRANCO-150x150.jpg 150w\" sizes=\"auto, (max-width: 500px) 100vw, 500px\" \/><\/figure>\n<\/figure>\n\n\n\n<p><\/p>\n\n\n\n<p><\/p>\n\n\n\n<p>Alto-falantes para Competi\u00e7\u00e3o 12&#8243;<\/p>\n\n\n\n<figure class=\"wp-block-gallery has-nested-images columns-default is-cropped wp-block-gallery-6 is-layout-flex wp-block-gallery-is-layout-flex\">\n<figure class=\"wp-block-image size-full\"><a href=\"https:\/\/atkeletroacustica.com\/?page_id=326\"><img loading=\"lazy\" decoding=\"async\" width=\"500\" height=\"500\" data-id=\"327\" src=\"http:\/\/atkeletroacustica.com\/wp-content\/uploads\/2025\/08\/WF300-4600B.jpg\" alt=\"\" class=\"wp-image-327\" srcset=\"https:\/\/atkeletroacustica.com\/wp-content\/uploads\/2025\/08\/WF300-4600B.jpg 500w, https:\/\/atkeletroacustica.com\/wp-content\/uploads\/2025\/08\/WF300-4600B-300x300.jpg 300w, https:\/\/atkeletroacustica.com\/wp-content\/uploads\/2025\/08\/WF300-4600B-150x150.jpg 150w\" sizes=\"auto, (max-width: 500px) 100vw, 500px\" \/><\/a><figcaption class=\"wp-element-caption\"><a href=\"https:\/\/atkeletroacustica.com\/?page_id=326\" data-type=\"page\" data-id=\"326\"><strong>WF300-4600B-2<\/strong><\/a><\/figcaption><\/figure>\n\n\n\n<figure class=\"wp-block-image size-full\"><a href=\"https:\/\/atkeletroacustica.com\/?page_id=333\"><img loading=\"lazy\" decoding=\"async\" width=\"500\" height=\"500\" data-id=\"327\" src=\"http:\/\/atkeletroacustica.com\/wp-content\/uploads\/2025\/08\/WF300-4600B.jpg\" alt=\"\" class=\"wp-image-327\" srcset=\"https:\/\/atkeletroacustica.com\/wp-content\/uploads\/2025\/08\/WF300-4600B.jpg 500w, https:\/\/atkeletroacustica.com\/wp-content\/uploads\/2025\/08\/WF300-4600B-300x300.jpg 300w, https:\/\/atkeletroacustica.com\/wp-content\/uploads\/2025\/08\/WF300-4600B-150x150.jpg 150w\" sizes=\"auto, (max-width: 500px) 100vw, 500px\" \/><\/a><figcaption class=\"wp-element-caption\"><a href=\"https:\/\/atkeletroacustica.com\/?page_id=333\" data-type=\"page\" data-id=\"333\"><strong>WF300-4600B-4<\/strong><\/a><\/figcaption><\/figure>\n<\/figure>\n\n\n\n<p><\/p>\n\n\n\n<p><\/p>\n\n\n\n<p>Alto-falantes 15&#8243;<\/p>\n\n\n\n<figure class=\"wp-block-gallery has-nested-images columns-default is-cropped wp-block-gallery-7 is-layout-flex wp-block-gallery-is-layout-flex\">\n<figure class=\"wp-block-image size-full\"><a href=\"https:\/\/atkeletroacustica.com\/?page_id=340\"><img loading=\"lazy\" decoding=\"async\" width=\"500\" height=\"500\" data-id=\"341\" src=\"http:\/\/atkeletroacustica.com\/wp-content\/uploads\/2025\/08\/WF380-500B.jpg\" alt=\"\" class=\"wp-image-341\" srcset=\"https:\/\/atkeletroacustica.com\/wp-content\/uploads\/2025\/08\/WF380-500B.jpg 500w, https:\/\/atkeletroacustica.com\/wp-content\/uploads\/2025\/08\/WF380-500B-300x300.jpg 300w, https:\/\/atkeletroacustica.com\/wp-content\/uploads\/2025\/08\/WF380-500B-150x150.jpg 150w\" sizes=\"auto, (max-width: 500px) 100vw, 500px\" \/><\/a><figcaption class=\"wp-element-caption\"><a href=\"https:\/\/atkeletroacustica.com\/?page_id=340\" data-type=\"page\" data-id=\"340\"><strong>WF380-500B-4<\/strong><\/a><\/figcaption><\/figure>\n\n\n\n<figure class=\"wp-block-image size-full\"><a href=\"https:\/\/atkeletroacustica.com\/?page_id=346\"><img loading=\"lazy\" decoding=\"async\" width=\"500\" height=\"500\" data-id=\"341\" src=\"http:\/\/atkeletroacustica.com\/wp-content\/uploads\/2025\/08\/WF380-500B.jpg\" alt=\"\" class=\"wp-image-341\" srcset=\"https:\/\/atkeletroacustica.com\/wp-content\/uploads\/2025\/08\/WF380-500B.jpg 500w, https:\/\/atkeletroacustica.com\/wp-content\/uploads\/2025\/08\/WF380-500B-300x300.jpg 300w, https:\/\/atkeletroacustica.com\/wp-content\/uploads\/2025\/08\/WF380-500B-150x150.jpg 150w\" sizes=\"auto, (max-width: 500px) 100vw, 500px\" \/><\/a><figcaption class=\"wp-element-caption\"><a href=\"https:\/\/atkeletroacustica.com\/?page_id=346\" data-type=\"page\" data-id=\"346\"><strong>WF380-500B-8<\/strong><\/a><\/figcaption><\/figure>\n<\/figure>\n\n\n\n<figure class=\"wp-block-gallery has-nested-images columns-2 is-cropped wp-block-gallery-8 is-layout-flex wp-block-gallery-is-layout-flex\">\n<figure class=\"wp-block-image size-full\"><a href=\"https:\/\/atkeletroacustica.com\/?page_id=352\"><img loading=\"lazy\" decoding=\"async\" width=\"500\" height=\"500\" data-id=\"353\" src=\"http:\/\/atkeletroacustica.com\/wp-content\/uploads\/2025\/08\/WF380-2000B.jpg\" alt=\"\" class=\"wp-image-353\" srcset=\"https:\/\/atkeletroacustica.com\/wp-content\/uploads\/2025\/08\/WF380-2000B.jpg 500w, https:\/\/atkeletroacustica.com\/wp-content\/uploads\/2025\/08\/WF380-2000B-300x300.jpg 300w, https:\/\/atkeletroacustica.com\/wp-content\/uploads\/2025\/08\/WF380-2000B-150x150.jpg 150w\" sizes=\"auto, (max-width: 500px) 100vw, 500px\" \/><\/a><figcaption class=\"wp-element-caption\"><a href=\"https:\/\/atkeletroacustica.com\/?page_id=352\" data-type=\"page\" data-id=\"352\"><strong>WF380-2000B-4<\/strong><\/a><\/figcaption><\/figure>\n\n\n\n<figure class=\"wp-block-image size-full\"><a href=\"https:\/\/atkeletroacustica.com\/?page_id=358\"><img loading=\"lazy\" decoding=\"async\" width=\"500\" height=\"500\" data-id=\"353\" src=\"http:\/\/atkeletroacustica.com\/wp-content\/uploads\/2025\/08\/WF380-2000B.jpg\" alt=\"\" class=\"wp-image-353\" srcset=\"https:\/\/atkeletroacustica.com\/wp-content\/uploads\/2025\/08\/WF380-2000B.jpg 500w, https:\/\/atkeletroacustica.com\/wp-content\/uploads\/2025\/08\/WF380-2000B-300x300.jpg 300w, https:\/\/atkeletroacustica.com\/wp-content\/uploads\/2025\/08\/WF380-2000B-150x150.jpg 150w\" sizes=\"auto, (max-width: 500px) 100vw, 500px\" \/><\/a><figcaption class=\"wp-element-caption\"><a href=\"https:\/\/atkeletroacustica.com\/?page_id=358\" data-type=\"page\" data-id=\"358\"><strong>WF380-2000B-8<\/strong><\/a><\/figcaption><\/figure>\n<\/figure>\n\n\n\n<p><\/p>\n\n\n\n<p><\/p>\n\n\n\n<p>Alto-falantes para Competi\u00e7\u00e3o 15&#8243;<\/p>\n\n\n\n<figure class=\"wp-block-gallery has-nested-images columns-default is-cropped wp-block-gallery-9 is-layout-flex wp-block-gallery-is-layout-flex\">\n<figure class=\"wp-block-image size-full\"><a href=\"https:\/\/atkeletroacustica.com\/?page_id=365\"><img loading=\"lazy\" decoding=\"async\" width=\"500\" height=\"500\" data-id=\"366\" src=\"http:\/\/atkeletroacustica.com\/wp-content\/uploads\/2025\/08\/WF380-4600B.jpg\" alt=\"\" class=\"wp-image-366\" srcset=\"https:\/\/atkeletroacustica.com\/wp-content\/uploads\/2025\/08\/WF380-4600B.jpg 500w, https:\/\/atkeletroacustica.com\/wp-content\/uploads\/2025\/08\/WF380-4600B-300x300.jpg 300w, https:\/\/atkeletroacustica.com\/wp-content\/uploads\/2025\/08\/WF380-4600B-150x150.jpg 150w\" sizes=\"auto, (max-width: 500px) 100vw, 500px\" \/><\/a><figcaption class=\"wp-element-caption\"><a href=\"https:\/\/atkeletroacustica.com\/?page_id=365\" data-type=\"page\" data-id=\"365\"><strong>WF380-4600B-2<\/strong><\/a><\/figcaption><\/figure>\n\n\n\n<figure class=\"wp-block-image size-full\"><a href=\"https:\/\/atkeletroacustica.com\/?page_id=371\"><img loading=\"lazy\" decoding=\"async\" width=\"500\" height=\"500\" data-id=\"366\" src=\"http:\/\/atkeletroacustica.com\/wp-content\/uploads\/2025\/08\/WF380-4600B.jpg\" alt=\"\" class=\"wp-image-366\" srcset=\"https:\/\/atkeletroacustica.com\/wp-content\/uploads\/2025\/08\/WF380-4600B.jpg 500w, https:\/\/atkeletroacustica.com\/wp-content\/uploads\/2025\/08\/WF380-4600B-300x300.jpg 300w, https:\/\/atkeletroacustica.com\/wp-content\/uploads\/2025\/08\/WF380-4600B-150x150.jpg 150w\" sizes=\"auto, (max-width: 500px) 100vw, 500px\" \/><\/a><figcaption class=\"wp-element-caption\"><a href=\"https:\/\/atkeletroacustica.com\/?page_id=371\" data-type=\"page\" data-id=\"371\"><strong>WF380-4600B-4<\/strong><\/a><\/figcaption><\/figure>\n<\/figure>\n<\/div>\n","protected":false},"excerpt":{"rendered":"<p>Alto-falantes 6&#8243; Alto-falantes 8&#8243; Alto-falantes 12&#8243; Alto-falantes para Competi\u00e7\u00e3o 12&#8243; Alto-falantes 15&#8243; Alto-falantes para Competi\u00e7\u00e3o 15&#8243;<\/p>\n","protected":false},"author":1,"featured_media":0,"parent":0,"menu_order":0,"comment_status":"closed","ping_status":"closed","template":"page-no-title","meta":{"footnotes":""},"class_list":["post-13","page","type-page","status-publish","hentry"],"_links":{"self":[{"href":"https:\/\/atkeletroacustica.com\/index.php?rest_route=\/wp\/v2\/pages\/13","targetHints":{"allow":["GET"]}}],"collection":[{"href":"https:\/\/atkeletroacustica.com\/index.php?rest_route=\/wp\/v2\/pages"}],"about":[{"href":"https:\/\/atkeletroacustica.com\/index.php?rest_route=\/wp\/v2\/types\/page"}],"author":[{"embeddable":true,"href":"https:\/\/atkeletroacustica.com\/index.php?rest_route=\/wp\/v2\/users\/1"}],"replies":[{"embeddable":true,"href":"https:\/\/atkeletroacustica.com\/index.php?rest_route=%2Fwp%2Fv2%2Fcomments&post=13"}],"version-history":[{"count":24,"href":"https:\/\/atkeletroacustica.com\/index.php?rest_route=\/wp\/v2\/pages\/13\/revisions"}],"predecessor-version":[{"id":376,"href":"https:\/\/atkeletroacustica.com\/index.php?rest_route=\/wp\/v2\/pages\/13\/revisions\/376"}],"wp:attachment":[{"href":"https:\/\/atkeletroacustica.com\/index.php?rest_route=%2Fwp%2Fv2%2Fmedia&parent=13"}],"curies":[{"name":"wp","href":"https:\/\/api.w.org\/{rel}","templated":true}]}}