{"id":53,"date":"2025-08-26T15:23:43","date_gmt":"2025-08-26T18:23:43","guid":{"rendered":"http:\/\/atkeletroacustica.com\/?page_id=53"},"modified":"2025-08-27T09:57:21","modified_gmt":"2025-08-27T12:57:21","slug":"6wf310b","status":"publish","type":"page","link":"http:\/\/atkeletroacustica.com\/?page_id=53","title":{"rendered":"6WF310B"},"content":{"rendered":"\n<pre class=\"wp-block-preformatted has-body-font-family has-xx-large-font-size\"><strong>6WF310B<\/strong><\/pre>\n\n\n\n<figure class=\"wp-block-gallery has-nested-images columns-default is-cropped wp-block-gallery-1 is-layout-flex wp-block-gallery-is-layout-flex\">\n<figure class=\"wp-block-image size-full\"><img loading=\"lazy\" decoding=\"async\" width=\"500\" height=\"500\" data-id=\"170\" src=\"https:\/\/atkeletroacustica.com\/wp-content\/uploads\/2025\/08\/6WF310B-1.jpg\" alt=\"\" class=\"wp-image-170\" srcset=\"http:\/\/atkeletroacustica.com\/wp-content\/uploads\/2025\/08\/6WF310B-1.jpg 500w, http:\/\/atkeletroacustica.com\/wp-content\/uploads\/2025\/08\/6WF310B-1-300x300.jpg 300w, http:\/\/atkeletroacustica.com\/wp-content\/uploads\/2025\/08\/6WF310B-1-150x150.jpg 150w\" sizes=\"auto, (max-width: 500px) 100vw, 500px\" \/><\/figure>\n<\/figure>\n\n\n\n<pre class=\"wp-block-preformatted has-contrast-color has-text-color has-link-color has-body-font-family has-medium-font-size wp-elements-c2fd222ca7087a809918194fd7460df1\">Alto-falante de 6\u201d de alta pot\u00eancia, com baix\u00edssima distor\u00e7\u00e3o e compress\u00e3o din\u00e2mica. O elevado grau de exig\u00eancia e o controle de qualidade na sele\u00e7\u00e3o dos materiais e na montagem, proporcionam excelente linearidade.\nUtiliza uma bobina de 38 mm de di\u00e2metro (1.5\u201d) e um cone impermeabilizado e resistente, montados em um conjunto magn\u00e9tico otimizado para um desempenho superior.\nDesign exclusivo e moderno. Carca\u00e7a em a\u00e7o com pintura eletrost\u00e1tica texturizada na cor preta, assegurando um visual elegante e resist\u00eancia mec\u00e2nica.\nProjetado com base nos mais avan\u00e7ados softwares F.E.A (Finite Element Analysis), que permitem simula\u00e7\u00e3o de par\u00e2metros el\u00e9tricos e mec\u00e2nicos com extrema precis\u00e3o. Tudo isso para conceber um transdutor com ampla sensibilidade, melhor dissipa\u00e7\u00e3o e excepcional performance. <\/pre>\n\n\n\n<pre class=\"wp-block-preformatted has-body-font-family has-x-large-font-size\"><br><strong>Especifica\u00e7\u00f5es<\/strong><\/pre>\n\n\n\n<pre class=\"wp-block-preformatted has-contrast-color has-text-color has-link-color has-body-font-family has-medium-font-size wp-elements-4835da593a6855e53877fbe81cf0c53c\">Pot\u00eancia Nominal Admiss\u00edvel(1): 150 W <br>Pot\u00eancia M\u00e1xima do Amplificador(2): 2400 W pico<br>Sensibilidade (1W\/1m)(3): 94 dB SPL<br>Imped\u00e2ncia Nominal: 8 \u03a9<br>Imped\u00e2ncia M\u00ednima: 7.8 \u03a9<br>Di\u00e2metro Nominal: 152.4 mm (6 pol)<br>Resposta de Frequ\u00eancia: 100 a 7000 Hz<br>Di\u00e2metro da Bobina:  38 mm (1.5\u201d)<br>Fio da Bobina: Fio de Cobre Circular<br>Resist\u00eancia da Bobina (Re): 6.6 \u03a9<br>X.m\u00e1x(4): 3.0 mm <br>Volume de Ar ocupado: 0.87 L<br><br>(1) 2 horas de teste realizado com ru\u00eddo rosa (fator de crista 12 dB) no range de frequ\u00eancia de Fs a 10xFs. Pot\u00eancia calculada com imped\u00e2ncia m\u00ednima. Alto-falante ao ar livre.<br>Obs: Para aplicar esta pot\u00eancia o alto-falante j\u00e1 deve ter passado pelo per\u00edodo inicial de amaciamento, no m\u00ednimo 12h com 50% da pot\u00eancia nominal.<br>(2) Pot\u00eancia de pico exigida do amplificador para alcan\u00e7ar a pot\u00eancia nominal considerando um sinal de teste de ru\u00eddo rosa com fator de crista de 12 dB.<br>(3) Aplicada tens\u00e3o de 2.83 V RMS sobre a imped\u00e2ncia nominal.<br>(4) O X.m\u00e1x \u00e9 calculado considerando uma queda &gt; que 50 % do campo magn\u00e9tico Bl sobre a bobina.<br><br><\/pre>\n\n\n\n<pre class=\"wp-block-preformatted has-body-font-family has-x-large-font-size\"><strong>Par\u00e2metros Thiele - Small(5)<\/strong><\/pre>\n\n\n\n<pre class=\"wp-block-preformatted has-contrast-color has-text-color has-link-color has-body-font-family has-medium-font-size wp-elements-e3e87d45c1c2e2b70ea7a0a86deb6216\">Fs: 117 Hz<br>Re: 6.6 \u03a9<br>Qes: 0.45<br>Qms: 4.71<br>Qts: 0.41<br>Vas: 4.4 l<br>Sd: 150 cm\u00b2<br>\u03b70: 1.5 %<br>Mms: 13 g<br>Bl: 11.8 Tm<br>Le: 0.76 mH<br><br>(5) Os par\u00e2metros Thiele-Small s\u00e3o medidos ap\u00f3s um burn-in com \u00bd pot\u00eancia nominal em um range de  frequ\u00eancia de Fs a 10xFs. <\/pre>\n\n\n\n<pre class=\"wp-block-preformatted has-body-font-family has-x-large-font-size\"><br><strong>Especifica\u00e7\u00f5es T\u00e9cnicas<\/strong><\/pre>\n\n\n\n<figure class=\"wp-block-image size-full\"><img loading=\"lazy\" decoding=\"async\" width=\"1024\" height=\"768\" src=\"http:\/\/atkeletroacustica.com\/wp-content\/uploads\/2025\/08\/impedancia6wf310b.jpg\" alt=\"\" class=\"wp-image-60\" srcset=\"http:\/\/atkeletroacustica.com\/wp-content\/uploads\/2025\/08\/impedancia6wf310b.jpg 1024w, http:\/\/atkeletroacustica.com\/wp-content\/uploads\/2025\/08\/impedancia6wf310b-300x225.jpg 300w, http:\/\/atkeletroacustica.com\/wp-content\/uploads\/2025\/08\/impedancia6wf310b-768x576.jpg 768w\" sizes=\"auto, (max-width: 1024px) 100vw, 1024px\" \/><\/figure>\n\n\n\n<figure class=\"wp-block-image size-full\"><img loading=\"lazy\" decoding=\"async\" width=\"1024\" height=\"768\" src=\"http:\/\/atkeletroacustica.com\/wp-content\/uploads\/2025\/08\/respostaemfrequencia6wf310b.jpg\" alt=\"\" class=\"wp-image-61\" srcset=\"http:\/\/atkeletroacustica.com\/wp-content\/uploads\/2025\/08\/respostaemfrequencia6wf310b.jpg 1024w, http:\/\/atkeletroacustica.com\/wp-content\/uploads\/2025\/08\/respostaemfrequencia6wf310b-300x225.jpg 300w, http:\/\/atkeletroacustica.com\/wp-content\/uploads\/2025\/08\/respostaemfrequencia6wf310b-768x576.jpg 768w\" sizes=\"auto, (max-width: 1024px) 100vw, 1024px\" \/><\/figure>\n\n\n\n<pre class=\"wp-block-preformatted has-body-font-family has-x-large-font-size\"><strong>Downloads<\/strong><\/pre>\n\n\n\n<figure class=\"wp-block-image size-full is-resized\"><a href=\"http:\/\/atkeletroacustica.com\/manuais\/manual-6wf310b.pdf\"><img loading=\"lazy\" decoding=\"async\" width=\"500\" height=\"500\" src=\"http:\/\/atkeletroacustica.com\/wp-content\/uploads\/2025\/08\/LOGO-PDF.jpg\" alt=\"\" class=\"wp-image-193\" style=\"width:154px;height:auto\" srcset=\"http:\/\/atkeletroacustica.com\/wp-content\/uploads\/2025\/08\/LOGO-PDF.jpg 500w, http:\/\/atkeletroacustica.com\/wp-content\/uploads\/2025\/08\/LOGO-PDF-300x300.jpg 300w, http:\/\/atkeletroacustica.com\/wp-content\/uploads\/2025\/08\/LOGO-PDF-150x150.jpg 150w\" sizes=\"auto, (max-width: 500px) 100vw, 500px\" \/><\/a><figcaption class=\"wp-element-caption\"><strong><a href=\"http:\/\/atkeletroacustica.com\/manuais\/manual-6wf310b.pdf\">Manual 6WF310B<\/a><\/strong><\/figcaption><\/figure>\n\n\n\n<p><\/p>\n","protected":false},"excerpt":{"rendered":"<p>6WF310B Alto-falante de 6\u201d de alta pot\u00eancia, com baix\u00edssima distor\u00e7\u00e3o e compress\u00e3o din\u00e2mica. O elevado grau de exig\u00eancia e o controle de qualidade na sele\u00e7\u00e3o dos materiais e na montagem, proporcionam excelente linearidade. Utiliza uma bobina de 38 mm de di\u00e2metro (1.5\u201d) e um cone impermeabilizado e resistente, montados em um conjunto magn\u00e9tico otimizado para [&hellip;]<\/p>\n","protected":false},"author":1,"featured_media":0,"parent":31,"menu_order":0,"comment_status":"closed","ping_status":"closed","template":"page-no-title","meta":{"footnotes":""},"class_list":["post-53","page","type-page","status-publish","hentry"],"_links":{"self":[{"href":"http:\/\/atkeletroacustica.com\/index.php?rest_route=\/wp\/v2\/pages\/53","targetHints":{"allow":["GET"]}}],"collection":[{"href":"http:\/\/atkeletroacustica.com\/index.php?rest_route=\/wp\/v2\/pages"}],"about":[{"href":"http:\/\/atkeletroacustica.com\/index.php?rest_route=\/wp\/v2\/types\/page"}],"author":[{"embeddable":true,"href":"http:\/\/atkeletroacustica.com\/index.php?rest_route=\/wp\/v2\/users\/1"}],"replies":[{"embeddable":true,"href":"http:\/\/atkeletroacustica.com\/index.php?rest_route=%2Fwp%2Fv2%2Fcomments&post=53"}],"version-history":[{"count":10,"href":"http:\/\/atkeletroacustica.com\/index.php?rest_route=\/wp\/v2\/pages\/53\/revisions"}],"predecessor-version":[{"id":205,"href":"http:\/\/atkeletroacustica.com\/index.php?rest_route=\/wp\/v2\/pages\/53\/revisions\/205"}],"up":[{"embeddable":true,"href":"http:\/\/atkeletroacustica.com\/index.php?rest_route=\/wp\/v2\/pages\/31"}],"wp:attachment":[{"href":"http:\/\/atkeletroacustica.com\/index.php?rest_route=%2Fwp%2Fv2%2Fmedia&parent=53"}],"curies":[{"name":"wp","href":"https:\/\/api.w.org\/{rel}","templated":true}]}}